{"id":52,"date":"2011-06-27T19:38:38","date_gmt":"2011-06-27T18:38:38","guid":{"rendered":"http:\/\/wwwng.uugrn.org\/?page_id=52"},"modified":"2024-11-20T10:14:26","modified_gmt":"2024-11-20T09:14:26","slug":"der-verein","status":"publish","type":"page","link":"https:\/\/www.uugrn.org\/index.php\/der-verein\/","title":{"rendered":"Der Verein"},"content":{"rendered":"<h2>Zweck des Vereins<\/h2>\n<p>laut \u00a72 der <a href=\"https:\/\/vorstand.uugrn.org\/Vereinssatzung.pdf\">Vereinssatzung<\/a>:<\/p>\n<ul>\n<li>(a) Der Zweck des Vereins ist es, den Anwendern von unixoiden (unixartigen) Computerbetriebssystemen bei allgemeinen und speziellen Problemen mit diesen Systemen zur Seite zu stehen und die Verbreitung von freien unixoiden Betriebssystemen (wie zum Beispiel Linux, FreeBSD) zu f\u00f6rdern.<\/li>\n<li>(b) Der Vereinszweck soll insbesondere erf\u00fcllt werden durch:\n<ul>\n<li>i. Durchf\u00fchren von Informationsveranstaltungen f\u00fcr die Allgemeinheit,<\/li>\n<li>ii. Erstellen von Dokumentationen zu verschiedenen Themen,<\/li>\n<li>iii. Veranstalten von \u00f6ffentlichen Treffen, die dem Erfahrungsaustausch und als Diskussionsforum f\u00fcr Themen, die im Umfeld der unixoiden Betriebssysteme stehen, dienen.<\/li>\n<\/ul>\n<\/li>\n<\/ul>\n<h3><a name=\"mitglied\"><\/a>Mitgliedschaft<\/h3>\n<p>Die Mitgliedschaft kann \u00fcber dieses <a href=\"https:\/\/vorstand.uugrn.org\/Aufnahmeantrag.pdf\">Formular<\/a> beantragt werden. Die Mitgliedschaftsbeitr\u00e4ge sind:<\/p>\n<ul>\n<li>regul\u00e4r: 7 \u20ac pro Monat, bzw. 84 \u20ac im Jahr, freiwillig auch mehr, um den Verein finanziell besser zu unterst\u00fctzen.<\/li>\n<li>erm\u00e4\u00dfigt: 50% = 3,50 \u20ac pro Monat, bzw. 42 \u20ac im Jahr<\/li>\n<\/ul>\n<p>Mitglieder k\u00f6nnen den erm\u00e4\u00dfigten Beitrag formlos, schriftlich und mit Begr\u00fcndung beantragen.<\/p>\n<p>Das Beitragskahr ist das Kalenderjahr.<\/p>\n<p>Der Beitrag ist j\u00e4hrlich im voraus zu entrichten.<\/p>\n<h3>Vorstand<\/h3>\n<p>Der Vorstand des UUGRN e.V. besteht seit 07. Mai 2021 aus:<\/p>\n<ul>\n<li><strong>1. Vorstand<\/strong>: Stefan Haagen<\/li>\n<li><strong>2. Vorstand<\/strong>: Dominik Sch\u00fctzdeller<\/li>\n<li><strong>Kassenwart<\/strong>: Andreas Schirra<\/li>\n<\/ul>\n<h3>Kontakt<\/h3>\n<p>E-Mail an<\/p>\n<pre>Vorstand UUGRN e.V. <a href=\"mailto:vorstand [at] uugrn.org\">&lt;vorstand [at] uugrn.org&gt;<\/a><\/pre>\n<p>oder an die Vereinsanschrift:<\/p>\n<pre>Unix User Group Rhein-Neckar e.V.\r\nEmil-Maier-Str. 16\r\n69115 Heidelberg\r\n<\/pre>\n","protected":false},"excerpt":{"rendered":"<p>Zweck des Vereins laut \u00a72 der Vereinssatzung: (a) Der Zweck des Vereins ist es, den Anwendern von unixoiden (unixartigen) Computerbetriebssystemen bei allgemeinen und speziellen Problemen mit diesen Systemen zur Seite zu stehen und die Verbreitung von freien unixoiden Betriebssystemen (wie zum Beispiel Linux, FreeBSD) zu f\u00f6rdern. (b) Der Vereinszweck soll insbesondere erf\u00fcllt werden durch: i. [&hellip;]<\/p>\n","protected":false},"author":1,"featured_media":0,"parent":0,"menu_order":4,"comment_status":"closed","ping_status":"closed","template":"","meta":{"footnotes":""},"class_list":["post-52","page","type-page","status-publish","hentry"],"_links":{"self":[{"href":"https:\/\/www.uugrn.org\/index.php\/wp-json\/wp\/v2\/pages\/52","targetHints":{"allow":["GET"]}}],"collection":[{"href":"https:\/\/www.uugrn.org\/index.php\/wp-json\/wp\/v2\/pages"}],"about":[{"href":"https:\/\/www.uugrn.org\/index.php\/wp-json\/wp\/v2\/types\/page"}],"author":[{"embeddable":true,"href":"https:\/\/www.uugrn.org\/index.php\/wp-json\/wp\/v2\/users\/1"}],"replies":[{"embeddable":true,"href":"https:\/\/www.uugrn.org\/index.php\/wp-json\/wp\/v2\/comments?post=52"}],"version-history":[{"count":22,"href":"https:\/\/www.uugrn.org\/index.php\/wp-json\/wp\/v2\/pages\/52\/revisions"}],"predecessor-version":[{"id":3503,"href":"https:\/\/www.uugrn.org\/index.php\/wp-json\/wp\/v2\/pages\/52\/revisions\/3503"}],"wp:attachment":[{"href":"https:\/\/www.uugrn.org\/index.php\/wp-json\/wp\/v2\/media?parent=52"}],"curies":[{"name":"wp","href":"https:\/\/api.w.org\/{rel}","templated":true}]}}